{"id":527,"date":"2021-06-10T16:51:12","date_gmt":"2021-06-10T14:51:12","guid":{"rendered":"https:\/\/www.hostalcolon.es\/web\/?page_id=527"},"modified":"2021-06-10T16:51:13","modified_gmt":"2021-06-10T14:51:13","slug":"privacidad","status":"publish","type":"page","link":"https:\/\/www.hostalcolon.es\/web\/privacidad\/","title":{"rendered":"Privacidad"},"content":{"rendered":"\n<div class=\"wp-block-themeisle-blocks-advanced-columns has-1-columns has-desktop-equal-layout has-tablet-equal-layout has-mobile-equal-layout has-default-gap has-vertical-unset\" id=\"wp-block-themeisle-blocks-advanced-columns-6a239286\"><div class=\"wp-block-themeisle-blocks-advanced-columns-overlay\"><\/div><div class=\"innerblocks-wrap\">\n<div class=\"wp-block-themeisle-blocks-advanced-column\" id=\"wp-block-themeisle-blocks-advanced-column-0dc77622\">\n<p>RGPD y normativa espa\u00f1ola concordante: los datos de car\u00e1cter personal que nos proporciona cumplimentando este formulario ser\u00e1n tratados por&nbsp;<strong>HOSTAL COLON<\/strong>, como Responsable de Tratamiento. La finalidad de la recogida y tratamiento de los datos es prestarle el servicio que nos encomienda, para lo que estamos legitimados en base a su consentimiento. No realizaremos an\u00e1lisis de perfiles ni cederemos la informaci\u00f3n salvo por obligaci\u00f3n legal.<\/p>\n\n\n\n<p>Los datos que nos facilita est\u00e1n ubicados en nuestros archivos y\/o servidores. Puede acceder, rectificar, limitar y suprimirlos en&nbsp;<strong>CALLE MARQUES DE CADIZ, 6. 11005 C\u00c1DIZ<\/strong>. Tiene derecho a presentar una reclamaci\u00f3n ante la Agencia Espa\u00f1ola de Protecci\u00f3n de datos en: www.agpd.es.<\/p>\n<\/div>\n<\/div><\/div>\n","protected":false},"excerpt":{"rendered":"","protected":false},"author":1,"featured_media":0,"parent":0,"menu_order":0,"comment_status":"closed","ping_status":"closed","template":"","meta":{"neve_meta_sidebar":"full-width","neve_meta_container":"","neve_meta_enable_content_width":"on","neve_meta_content_width":100,"neve_meta_title_alignment":"","neve_meta_author_avatar":"","neve_post_elements_order":"","neve_meta_disable_header":"","neve_meta_disable_footer":"","neve_meta_disable_title":"","neve_meta_reading_time":"","advanced_seo_description":"","jetpack_seo_html_title":"","jetpack_seo_noindex":false,"_themeisle_gutenberg_block_has_review":false,"footnotes":""},"class_list":["post-527","page","type-page","status-publish","hentry"],"jetpack_sharing_enabled":true,"_links":{"self":[{"href":"https:\/\/www.hostalcolon.es\/web\/wp-json\/wp\/v2\/pages\/527","targetHints":{"allow":["GET"]}}],"collection":[{"href":"https:\/\/www.hostalcolon.es\/web\/wp-json\/wp\/v2\/pages"}],"about":[{"href":"https:\/\/www.hostalcolon.es\/web\/wp-json\/wp\/v2\/types\/page"}],"author":[{"embeddable":true,"href":"https:\/\/www.hostalcolon.es\/web\/wp-json\/wp\/v2\/users\/1"}],"replies":[{"embeddable":true,"href":"https:\/\/www.hostalcolon.es\/web\/wp-json\/wp\/v2\/comments?post=527"}],"version-history":[{"count":1,"href":"https:\/\/www.hostalcolon.es\/web\/wp-json\/wp\/v2\/pages\/527\/revisions"}],"predecessor-version":[{"id":528,"href":"https:\/\/www.hostalcolon.es\/web\/wp-json\/wp\/v2\/pages\/527\/revisions\/528"}],"wp:attachment":[{"href":"https:\/\/www.hostalcolon.es\/web\/wp-json\/wp\/v2\/media?parent=527"}],"curies":[{"name":"wp","href":"https:\/\/api.w.org\/{rel}","templated":true}]}}