{"id":458,"date":"2020-05-21T11:13:11","date_gmt":"2020-05-21T11:13:11","guid":{"rendered":"https:\/\/demosites.io\/winery-gb\/?page_id=101"},"modified":"2026-01-23T18:02:08","modified_gmt":"2026-01-23T17:02:08","slug":"contacto","status":"publish","type":"page","link":"https:\/\/www.hostalcolon.es\/web\/contacto\/","title":{"rendered":"Contacto"},"content":{"rendered":"\n<div id=\"wp-block-themeisle-blocks-advanced-columns-a7d81b54\" class=\"wp-block-themeisle-blocks-advanced-columns alignfull has-1-columns has-desktop-equal-layout has-tablet-equal-layout has-mobile-equal-layout has-vertical-unset\"><div class=\"wp-block-themeisle-blocks-advanced-columns-overlay\"><\/div><div class=\"innerblocks-wrap\">\n<div id=\"wp-block-themeisle-blocks-advanced-column-4ceac3e5\" class=\"wp-block-themeisle-blocks-advanced-column\">\n<h1 class=\"wp-block-heading has-text-align-center has-neve-link-hover-color-color has-text-color\"><strong><span class=\"has-inline-color has-nv-site-bg-color\">Contacta con nosotros<\/span><\/strong><\/h1>\n\n\n\n<h4 class=\"wp-block-heading has-text-align-center has-nv-text-dark-bg-color has-text-color\"><strong>HOSTAL COL\u00d3N<\/strong><\/h4>\n<\/div>\n<\/div><\/div>\n\n\n\n<div id=\"wp-block-themeisle-blocks-advanced-columns-d8f11322\" class=\"wp-block-themeisle-blocks-advanced-columns alignfull has-2-columns has-desktop-equal-layout has-tablet-equal-layout has-mobile-collapsedRows-layout has-vertical-unset\"><div class=\"wp-block-themeisle-blocks-advanced-columns-overlay\"><\/div><div class=\"innerblocks-wrap\">\n<div id=\"wp-block-themeisle-blocks-advanced-column-aa6ba2c9\" class=\"wp-block-themeisle-blocks-advanced-column\">\n<h2 class=\"wp-block-heading\">Datos de contacto<\/h2>\n\n\n\n<div id=\"wp-block-themeisle-blocks-button-group-d16bf987\" class=\"wp-block-themeisle-blocks-button-group wp-block-buttons\">\n<div id=\"wp-block-themeisle-blocks-button-af1c5655\" class=\"wp-block-themeisle-blocks-button wp-block-button\"><a href=\"\" target=\"_self\" rel=\"noopener noreferrer\" class=\"wp-block-button__link\"><i class=\"fas fa-fw fa-map-marker-alt margin-right\"><\/i><span><strong>Calle marqu\u00e9s de c\u00e1diz, 6; 11005 C\u00e1diz<\/strong><\/span><\/a><\/div>\n<\/div>\n\n\n\n<div id=\"wp-block-themeisle-blocks-button-group-a9a5639c\" class=\"wp-block-themeisle-blocks-button-group wp-block-buttons\">\n<div id=\"wp-block-themeisle-blocks-button-d2f59f13\" class=\"wp-block-themeisle-blocks-button wp-block-button\"><a href=\"tel:+34642503932\" target=\"_self\" rel=\"noopener noreferrer\" class=\"wp-block-button__link\"><i class=\"fas fa-fw fa-phone-alt margin-right\"><\/i><span><strong>+34 <\/strong>642 503 932<\/span><\/a><\/div>\n<\/div>\n\n\n\n<div id=\"wp-block-themeisle-blocks-button-group-c1008f5a\" class=\"wp-block-themeisle-blocks-button-group wp-block-buttons\">\n<div id=\"wp-block-themeisle-blocks-button-49f53430\" class=\"wp-block-themeisle-blocks-button wp-block-button\"><a href=\"mailto:hostalcoloncadiz@gmail.com\" target=\"_self\" rel=\"noopener noreferrer\" class=\"wp-block-button__link\"><i class=\"fas fa-fw fa-envelope margin-right\"><\/i><span><strong>hostalcoloncadiz@gmail.com<\/strong><\/span><\/a><\/div>\n<\/div>\n\n\n\n<figure class=\"wp-block-image size-large\"><img loading=\"lazy\" decoding=\"async\" width=\"1024\" height=\"683\" data-attachment-id=\"320\" data-permalink=\"https:\/\/www.hostalcolon.es\/web\/_jaf2976-editar\/\" data-orig-file=\"https:\/\/www.hostalcolon.es\/web\/wp-content\/uploads\/2021\/06\/JAF2976-Editar.jpg\" data-orig-size=\"2048,1365\" data-comments-opened=\"1\" data-image-meta=\"{&quot;aperture&quot;:&quot;4&quot;,&quot;credit&quot;:&quot;Jose Anies&quot;,&quot;camera&quot;:&quot;NIKON D850&quot;,&quot;caption&quot;:&quot;&quot;,&quot;created_timestamp&quot;:&quot;1622451242&quot;,&quot;copyright&quot;:&quot;JoseAniesFotografia@&quot;,&quot;focal_length&quot;:&quot;28&quot;,&quot;iso&quot;:&quot;800&quot;,&quot;shutter_speed&quot;:&quot;0.002&quot;,&quot;title&quot;:&quot;&quot;,&quot;orientation&quot;:&quot;1&quot;}\" data-image-title=\"_JAF2976-Editar\" data-image-description=\"\" data-image-caption=\"\" data-large-file=\"https:\/\/www.hostalcolon.es\/web\/wp-content\/uploads\/2021\/06\/JAF2976-Editar-1024x683.jpg\" src=\"https:\/\/www.hostalcolon.es\/web\/wp-content\/uploads\/2021\/06\/JAF2976-Editar-1024x683.jpg\" alt=\"\" class=\"wp-image-320\" srcset=\"https:\/\/www.hostalcolon.es\/web\/wp-content\/uploads\/2021\/06\/JAF2976-Editar-1024x683.jpg 1024w, https:\/\/www.hostalcolon.es\/web\/wp-content\/uploads\/2021\/06\/JAF2976-Editar-300x200.jpg 300w, https:\/\/www.hostalcolon.es\/web\/wp-content\/uploads\/2021\/06\/JAF2976-Editar-768x512.jpg 768w, https:\/\/www.hostalcolon.es\/web\/wp-content\/uploads\/2021\/06\/JAF2976-Editar-1536x1024.jpg 1536w, https:\/\/www.hostalcolon.es\/web\/wp-content\/uploads\/2021\/06\/JAF2976-Editar-930x620.jpg 930w, https:\/\/www.hostalcolon.es\/web\/wp-content\/uploads\/2021\/06\/JAF2976-Editar.jpg 2048w\" sizes=\"auto, (max-width: 1024px) 100vw, 1024px\" \/><\/figure>\n\n\n\n<div style=\"height:30px\" aria-hidden=\"true\" class=\"wp-block-spacer\"><\/div>\n<\/div>\n\n\n\n<div id=\"wp-block-themeisle-blocks-advanced-column-6a6a4d2d\" class=\"wp-block-themeisle-blocks-advanced-column ticss-5413a1b2 has-light-bg\">\n<h2 class=\"wp-block-heading\">Env\u00edanos un e-mail<\/h2>\n\n\n\n<div style=\"height:60px\" aria-hidden=\"true\" class=\"wp-block-spacer\"><\/div>\n\n\n\n<div class=\"wp-block-buttons is-content-justification-center is-layout-flex wp-container-core-buttons-is-layout-16018d1d wp-block-buttons-is-layout-flex\">\n<div class=\"wp-block-button is-style-primary\"><a class=\"wp-block-button__link wp-element-button\" href=\"mailto:hostalcoloncadiz@gmail.com\">ENVIAR E-MAIL<\/a><\/div>\n<\/div>\n\n\n\n<div style=\"height:60px\" aria-hidden=\"true\" class=\"wp-block-spacer\"><\/div>\n\n\n\n<p>Puedes consultar nuestra <a href=\"\/web\/cookies\/\" data-type=\"URL\" data-id=\"\/web\/cookies\/\" target=\"_blank\" rel=\"noreferrer noopener\">pol\u00edtica de cookies<\/a> y de <a href=\"\/web\/privacidad\/\" data-type=\"URL\" data-id=\"\/web\/privacidad\/\" target=\"_blank\" rel=\"noreferrer noopener\">privacidad<\/a>.<\/p>\n\n\n\n<div class=\"wp-block-buttons is-content-justification-center is-layout-flex wp-container-core-buttons-is-layout-16018d1d wp-block-buttons-is-layout-flex\">\n<div class=\"wp-block-button is-style-default\"><a class=\"wp-block-button__link wp-element-button\" href=\"https:\/\/www.hostalcolon.es\/web\/reglamento-de-regimen-interior\/\" target=\"_blank\" rel=\"noreferrer noopener\">REGLAMENTO DE R\u00c9GIMEN INTERIOR<\/a><\/div>\n<\/div>\n\n\n\n<div style=\"height:30px\" aria-hidden=\"true\" class=\"wp-block-spacer\"><\/div>\n\n\n<div class=\"wp-block-image\">\n<figure class=\"aligncenter size-thumbnail\"><img loading=\"lazy\" decoding=\"async\" width=\"150\" height=\"150\" data-attachment-id=\"745\" data-permalink=\"https:\/\/www.hostalcolon.es\/web\/no-mascotas\/\" data-orig-file=\"https:\/\/www.hostalcolon.es\/web\/wp-content\/uploads\/2024\/01\/no-mascotas.jpg\" data-orig-size=\"770,787\" data-comments-opened=\"1\" data-image-meta=\"{&quot;aperture&quot;:&quot;0&quot;,&quot;credit&quot;:&quot;&quot;,&quot;camera&quot;:&quot;&quot;,&quot;caption&quot;:&quot;&quot;,&quot;created_timestamp&quot;:&quot;0&quot;,&quot;copyright&quot;:&quot;&quot;,&quot;focal_length&quot;:&quot;0&quot;,&quot;iso&quot;:&quot;0&quot;,&quot;shutter_speed&quot;:&quot;0&quot;,&quot;title&quot;:&quot;&quot;,&quot;orientation&quot;:&quot;0&quot;}\" data-image-title=\"no-mascotas\" data-image-description=\"\" data-image-caption=\"\" data-large-file=\"https:\/\/www.hostalcolon.es\/web\/wp-content\/uploads\/2024\/01\/no-mascotas.jpg\" src=\"https:\/\/www.hostalcolon.es\/web\/wp-content\/uploads\/2024\/01\/no-mascotas-150x150.jpg\" alt=\"\" class=\"wp-image-745\"\/><\/figure>\n<\/div><\/div>\n<\/div><\/div>\n\n\n\n<div id=\"wp-block-themeisle-blocks-advanced-columns-7a79fe64\" class=\"wp-block-themeisle-blocks-advanced-columns alignfull has-1-columns has-desktop-equal-layout has-tablet-equal-layout has-mobile-equal-layout has-vertical-unset has-light-bg\"><div class=\"wp-block-themeisle-blocks-advanced-columns-overlay\"><\/div><div class=\"innerblocks-wrap\">\n<div id=\"wp-block-themeisle-blocks-advanced-column-44c0dec5\" class=\"wp-block-themeisle-blocks-advanced-column\"><div style=\"height:400px\" class=\"wp-block-themeisle-blocks-google-map\" id=\"wp-block-themeisle-blocks-google-map-55a5100c\"><\/div>\n<script type=\"text\/javascript\">\n\t\/* <![CDATA[ *\/\n\t\tif ( ! window.themeisleGoogleMaps ) window.themeisleGoogleMaps =[];\n\t\twindow.themeisleGoogleMaps.push( { container: \"wp-block-themeisle-blocks-google-map-55a5100c\", attributes: {\"id\":\"wp-block-themeisle-blocks-google-map-55a5100c\",\"location\":\"Calle Marqu\\u00e9s de C\\u00e1diz, 6, 11005 C\\u00e1diz, Espa\\u00f1a\",\"latitude\":\"36.53048466948276\",\"longitude\":\"-6.293714399999996\",\"zoom\":17,\"markers\":[{\"id\":\"144f205e-1d6b-4ba5-ac9c-6e33bc76bcb2\",\"location\":\"Calle Marqu\\u00e9s de C\\u00e1diz, 6, 11005 C\\u00e1diz, Espa\\u00f1a\",\"title\":\"Hostal Col\\u00f3n\",\"icon\":\"https:\\\/\\\/maps.google.com\\\/mapfiles\\\/ms\\\/icons\\\/red-dot.png\",\"description\":\"\",\"latitude\":36.5302104,\"longitude\":-6.2937144}],\"style\":\"standard\",\"type\":\"roadmap\",\"height\":\"400px\",\"draggable\":true,\"mapTypeControl\":true,\"zoomControl\":true,\"fullscreenControl\":true,\"streetViewControl\":true,\"hasCustomCSS\":false,\"customCSS\":\"\",\"openPopupId\":\"\",\"otterConditions\":[]} } );\n\t\/* ]]> *\/\n<\/script>\n<\/div>\n<\/div><\/div>\n\n\n\n<p><\/p>\n","protected":false},"excerpt":{"rendered":"","protected":false},"author":1,"featured_media":0,"parent":0,"menu_order":0,"comment_status":"closed","ping_status":"closed","template":"","meta":{"neve_meta_sidebar":"full-width","neve_meta_container":"","neve_meta_enable_content_width":"on","neve_meta_content_width":100,"neve_meta_title_alignment":"","neve_meta_author_avatar":"","neve_post_elements_order":"","neve_meta_disable_header":"","neve_meta_disable_footer":"","neve_meta_disable_title":"on","neve_meta_reading_time":"","advanced_seo_description":"","jetpack_seo_html_title":"","jetpack_seo_noindex":false,"_themeisle_gutenberg_block_has_review":false,"footnotes":""},"class_list":["post-458","page","type-page","status-publish","hentry"],"jetpack_sharing_enabled":true,"_links":{"self":[{"href":"https:\/\/www.hostalcolon.es\/web\/wp-json\/wp\/v2\/pages\/458","targetHints":{"allow":["GET"]}}],"collection":[{"href":"https:\/\/www.hostalcolon.es\/web\/wp-json\/wp\/v2\/pages"}],"about":[{"href":"https:\/\/www.hostalcolon.es\/web\/wp-json\/wp\/v2\/types\/page"}],"author":[{"embeddable":true,"href":"https:\/\/www.hostalcolon.es\/web\/wp-json\/wp\/v2\/users\/1"}],"replies":[{"embeddable":true,"href":"https:\/\/www.hostalcolon.es\/web\/wp-json\/wp\/v2\/comments?post=458"}],"version-history":[{"count":20,"href":"https:\/\/www.hostalcolon.es\/web\/wp-json\/wp\/v2\/pages\/458\/revisions"}],"predecessor-version":[{"id":806,"href":"https:\/\/www.hostalcolon.es\/web\/wp-json\/wp\/v2\/pages\/458\/revisions\/806"}],"wp:attachment":[{"href":"https:\/\/www.hostalcolon.es\/web\/wp-json\/wp\/v2\/media?parent=458"}],"curies":[{"name":"wp","href":"https:\/\/api.w.org\/{rel}","templated":true}]}}